of s?
8
Let y = 139 - 92. What is the tens digit of y?
4
Let s(i) = -i**3 + 10*i**2 + 5. Let q be s(10). Suppose 2*u - 19 = q. What is the tens digit of u?
1
Let d be (-1)/3 + (-2)/(-6). Let r = 7 + -3. Suppose -r*v + 8 = -d*v. What is the units digit of v?
2
Suppose -5 = -l + 6*c - 5*c, 2*c = -l - 4. Suppose -z - l*z = -3*i, -i - 20 = -5*z. What is the units digit of i?
5
Suppose -2*j + 0*j = 20. What is the units digit of j/(-25)*5*3?
6
Let o = -143 + 232. Let g = -44 + o. What is the tens digit of g?
4
Let w = -139 - -255. What is the units digit of w?
6
Suppose -6 = -m - 4. Suppose -l + o - m = 0, -l = -5*o + 20 - 6. What is the units digit of l?
1
Let i be 116/3*(-6)/4. Let f = -40 - i. What is the units digit of f?
8
Let v be -2 + (-2 - -2) + 10. What is the units digit of 10/v - 9/(-12)?
2
Let l(o) = -o. Let z be l(-2). Let h = z - -1. What is the units digit of (0 + 6)/(h/2)?
4
Let l = 287 + -185. What is the tens digit of l?
0
Let k(w) = 43*w**2 + 1. What is the units digit of k(1)?
4
Suppose 7*z - 629 = -111. What is the tens digit of z?
7
Let d(v) = -v - 9. Let u be d(-10). What is the units digit of 31 - (-3 + 5)*u?
9
Suppose -11 - 9 = -3*m + b, 2*m - 2*b - 20 = 0. Suppose m*p - 3 = 67. What is the units digit of p?
4
Let u(s) = -s**2 + 7. Let o(g) = -3*g**2 + 20. Let i(h) = h**3 + 5*h**2 + h + 5. Let k be i(-4). Let r(z) = k*u(z) - 6*o(z). What is the units digit of r(-2)?
3
Let m(b) = b**3 - 7*b**2 + 2*b - 10. Let k be m(7). Suppose d = k*w + 36, w + 2 = -w. What is the tens digit of d?
3
Suppose -5*n = 2*p - 35, -20 = -3*p + 5*n - 5. Suppose 0 = -3*q + 2*q + p. What is the tens digit of q?
1
Suppose -l - 1 = -7. Let g be -17 - (2 - 3) - -1. What is the units digit of l + 5/(g/6)?
4
Suppose -2*z - 5 - 1 = 0. Let b = 18 - 26. Let g = z - b. What is the units digit of g?
5
Suppose 0 = 5*x + 1 - 6. What is the units digit of -3 - (x + -9 - 3)?
8
Let m be 3/(-9) + 49/3. Suppose -k - 2 = -5*a, 0 = -k + 4*a - 0 + 3. Let l = k - m. What is the units digit of l?
7
Let a(c) be the third derivative of -c**4/24 + 3*c**3 + 7*c**2. What is the units digit of a(13)?
5
Suppose 6*d - 59 - 19 = 0. What is the tens digit of d?
1
Let y(q) = -165*q + 6. What is the hundreds digit of y(-1)?
1
What is the tens digit of -3*(-1)/(-1) - (-65 + -8)?
7
Let z(r) = -4*r - 1. Let g be z(-1). Suppose g*p + 4 = 16. What is the units digit of p?
4
Let v be (2/4)/((-4)/(-8)). Let w(z) = -51*z**3 - z**2. Let m be w(v). What is the units digit of (-4)/(-14) + m/(-14)?
4
Suppose 4*a = 3*a + 35. What is the units digit of a?
5
Suppose -65 = v - 223. What is the tens digit of v?
5
Suppose i - 3*o = 2, i - 2*o + 3 - 5 = 0. What is the units digit of i?
2
Let n(k) = 14*k**2 - 12*k + 11. Let t(j) = 5*j**2 - 4*j + 4. Let r(u) = 3*n(u) - 8*t(u). Let c be r(4). Let y = -9 + c. What is the units digit of y?
8
Let b(n) = -n + 9. Let t be b(4). Suppose 8*c + 12 = 4*c, -2*g = -t*c - 21. What is the units digit of g?
3
Let h = -8 - -14. What is the units digit of h?
6
Let c(l) = -l**3 - 4*l**2 - l + 1. Suppose -4*o - 20 = 0, 5*v - 4*o = o + 5. What is the units digit of c(v)?
5
Let y = 14 - 10. Let m be 190/y + 8/16. Suppose -4*q + 9*q - 2*r - m = 0, -5*r - 15 = -2*q. What is the tens digit of q?
1
Suppose -3*k - 3*q = -k - 361, 0 = -2*k - 5*q + 371. What is the hundreds digit of k?
1
Let q(y) = -y - 3. Let l be q(-5). What is the units digit of (22/4 - l)*6?
1
Let x(j) be the third derivative of j**6/120 - 3*j**5/20 + 3*j**4/8 + j**2. Suppose w + 5*y + 17 = 0, -w + y + 13 = -0*y. What is the units digit of x(w)?
8
Let y(k) = -k**3 + 6*k**2 - 3*k - 17. What is the hundreds digit of y(-4)?
1
Let z = -5 - -3. What is the tens digit of (-3 - (-19)/(-2))*z?
2
Suppose -14*w + 4 = -12*w. Suppose -w*a - 3*b + 40 = 0, 2*a + b = -0*b + 40. What is the units digit of a?
0
Let h(l) = 5*l - 19. What is the units digit of h(10)?
1
Suppose 4*f + 3*z - 687 = 0, -280 = -5*f + 5*z + 570. What is the tens digit of f?
7
Let c(a) = 7*a - 2 + 8*a**2 - 11*a - a**3 + 9*a. What is the tens digit of c(8)?
3
Let v be 2/(-4) + (-5)/(-10). Suppose -2*p - 3*p + 25 = v. Suppose w - 37 = -p*r, -17 = -4*r - 4*w + 3. What is the units digit of r?
8
Suppose 0 = -4*p - 5*o + 104, p = -5*o + 28 + 13. What is the tens digit of p?
2
Suppose z - 195 = -2*f, 2*z + 249 = 2*f + 63. Suppose 0*v + 5*v - 4*j - 99 = 0, -5*v = -j - f. Suppose 0 = 2*q - v + 1. What is the units digit of q?
9
Let d(y) = y**2 - 2*y - 9. What is the units digit of d(-6)?
9
Suppose c = 139 - 50. What is the tens digit of c?
8
Suppose l + 102 = -4*l + c, 5*l + 104 = 2*c. Let g = 29 + l. What is the units digit of g?
9
Suppose r = 6*r - 135. What is the tens digit of r?
2
Suppose 0 = 5*q - 4*m + 26, -13 = q + 5*m - 2. Let l be 2 + (-2)/4*q. Suppose 4*u = -5*y + 61, -l*u - 7 + 37 = -3*y. What is the units digit of u?
9
Let w(q) = -q - 2. Let r be w(6). Let k(z) = 4*z + 27. Let n(h) = -2*h - 13. Let b(c) = 6*k(c) + 13*n(c). What is the units digit of b(r)?
9
Let v(u) = 6*u - 3. Let b be v(4). Let o = 30 - b. What is the units digit of o?
9
Let z(j) = -j**3 + j**2 - j - 7. Let s be z(0). Let m be 1*s*1*1. What is the units digit of 38/14 + (-2)/m?
3
Suppose 0 = 2*u + 8 + 2. Let p(j) = -j**3 - 6*j**2 - 5*j + 4. Let m be p(u). Suppose 5*s - 2 = 3*k - 4, k = 4*s - m. What is the units digit of s?
2
Let u = 44 + -29. What is the tens digit of u?
1
Suppose 116 + 14 = 5*u. Suppose u = 4*n + 6. Suppose -4*i - i = -n. What is the units digit of i?
1
Let w(a) = a**2. Let b be w(-1). Suppose 3*l + b - 19 = -5*o, -3*o - 4*l = -2. What is the units digit of o?
6
Let v(z) = -z**3 - 13*z**2 - z. Let n be (-2)/((-5)/((-130)/4)). What is the units digit of v(n)?
3
Let n = 4 + 0. Suppose g - 2*s = 15, s + 48 = n*g - 3*s. What is the units digit of g?
9
Let f(g) = 0 + 2 - 1 - g - 3. Let n be f(-7). Suppose -c + 7 = -2*s - 8, -n*c + 20 = s. What is the units digit of c?
5
Let p = 4 - -8. Suppose -2*n - p = -4, -4 = 2*d + 5*n. Let b = 17 - d. What is the units digit of b?
9
Let g(t) = -t. Let w be g(-5). Suppose -r - 64 = -w*r. What is the tens digit of r?
1
Suppose -2*t + 7*t - 135 = 0. What is the units digit of t?
7
Suppose -2*i + 2 - 8 = 0. Let f be -12 + 2 + 2*-2. Let s = i - f. What is the tens digit of s?
1
Suppose 3*s - 2*j + 38 = 6*s, 4*j - 26 = -s. Let w = s - 6. What is the units digit of w?
4
Let r(y) = -y**3 - 5*y**2 + y + 9. What is the units digit of r(-8)?
3
Let c(d) = -d**3 + 2*d**2 + 3*d + 2. Let q(f) = -9*f**2. Let b be q(1). Let u be 16/b - 2/9. What is the units digit of c(u)?
2
Suppose 0 = 4*n + 4 + 20. Suppose d - 27 = 4*d + 3*b, d + 5*b - 3 = 0. Let p = n - d. What is the units digit of p?
6
Let f = -27 + 43. What is the tens digit of f?
1
Suppose -j - 2 = 5*f + 12, -5*j - f = -2. Let h(r) = -13*r - 14. Let c(i) = -4*i - 5. Let w(a) = 17*c(a) - 6*h(a). What is the units digit of w(j)?
9
Let y(n) = 2*n**3 - 11*n**2 + 12*n - 30. What is the units digit of y(7)?
1
Suppose -332 = -2*j + c + 143, 0 = 4*c - 20. What is the units digit of j?
0
Suppose -787 = -2*t - 261. What is the tens digit of t?
6
Let n(w) = -w**2 + 12*w + 12. Let x be n(13). What is the tens digit of x/(-5) + (-432)/(-15)?
2
Let u(i) = i**3 + 11*i**2 + 3*i - 12. What is the units digit of u(-10)?
8
What is the units digit of 1/(-1426*3/(-1068) - 4)?
8
Suppose 2*u = -3*u + 15. Let l be (u - 2)/((-1)/(-15)). Suppose 5*m - 4*t + 1 = 4, 4*m + t - l = 0. What is the units digit of m?
3
Let q be 2/7 + (-9)/7. Let d(p) = p**2 + p. Let a(v) = -5*v**2 - 4*v + 2. Let b(o) = q*a(o) - 4*d(o). What is the units digit of b(2)?
2
Let a = 85 - 57. Suppose -a = -5*y + 57. What is the units digit of y?
7
Suppose 3 = -3*q + 3*b, 0 = -2*q + 3*b - 4*b + 7. Suppose 5*d + 15 = 5*w, 4*w - w - 9 = d. Let m = w - q. What is the units digit of m?
1
Let g(c) = c**3 + 4*c**2 - 5*c + 5. Suppose 0 = 3*b - 4*b + 4. Suppose -l = -b*r + 25, 4*r + 14 = -l + 29. What is the units digit of g(l)?
5
Suppose -4*h - 2*l - 24 = 0, -2*l - 4 = -4*h + 3*l. Suppose -16 = -4*z, r - z + 11 = -3. Let w = h - r. What is the units digit of w?
6
Let i = 624 + -1112. Let y be i/(-22) - (-2)/(-11). Suppose y = 5*h - 3. What is the units digit of h?
5
Suppose 0*a = a - 21. Let s = a - 6. What is the units digit of s?
5
Suppose 2*t -